7?
6
What is the thousands digit of 715661?
5
What is the units digit of 168392?
2
What is the units digit of 393806?
6
What is the ten thousands digit of 1053390?
5
What is the tens digit of 302711?
1
What is the units digit of 17082512?
2
What is the millions digit of 4484889?
4
What is the millions digit of 4303418?
4
What is the tens digit of 2173397?
9
What is the hundreds digit of 1328521?
5
What is the hundred thousands digit of 4528525?
5
What is the hundreds digit of 42009?
0
What is the millions digit of 7900272?
7
What is the thousands digit of 8931403?
1
What is the tens digit of 754729?
2
What is the hundred thousands digit of 2707875?
7
What is the hundred thousands digit of 108021?
1
What is the hundred thousands digit of 5071440?
0
What is the hundred thousands digit of 1275415?
2
What is the millions digit of 12533974?
2
What is the thousands digit of 3757423?
7
What is the thousands digit of 262872?
2
What is the hundred thousands digit of 216380?
2
What is the hundred thousands digit of 282586?
2
What is the hundred thousands digit of 1381890?
3
What is the ten millions digit of 12582459?
1
What is the units digit of 158242?
2
What is the hundreds digit of 16813473?
4
What is the hundreds digit of 163895?
8
What is the ten thousands digit of 6779881?
7
What is the hundred thousands digit of 15485802?
4
What is the hundreds digit of 24113562?
5
What is the tens digit of 5330355?
5
What is the units digit of 1143424?
4
What is the ten thousands digit of 211809?
1
What is the tens digit of 2489117?
1
What is the tens digit of 198430?
3
What is the millions digit of 3293164?
3
What is the ten thousands digit of 14764309?
6
What is the thousands digit of 517699?
7
What is the units digit of 2829550?
0
What is the tens digit of 1125819?
1
What is the units digit of 40312?
2
What is the tens digit of 339711?
1
What is the tens digit of 585622?
2
What is the hundreds digit of 1531677?
6
What is the millions digit of 7233998?
7
What is the units digit of 707861?
1
What is the millions digit of 3869105?
3
What is the ten thousands digit of 356369?
5
What is the thousands digit of 20033740?
3
What is the thousands digit of 229608?
9
What is the millions digit of 1855522?
1
What is the millions digit of 1622481?
1
What is the millions digit of 5655093?
5
What is the tens digit of 170112?
1
What is the tens digit of 379334?
3
What is the thousands digit of 2018872?
8
What is the tens digit of 3296356?
5
What is the hundred thousands digit of 454811?
4
What is the hundreds digit of 5203839?
8
What is the hundreds digit of 146701?
7
What is the hundreds digit of 299044?
0
What is the ten thousands digit of 16344?
1
What is the tens digit of 75274?
7
What is the millions digit of 3923293?
3
What is the tens digit of 6429224?
2
What is the thousands digit of 12566844?
6
What is the thousands digit of 1416892?
6
What is the tens digit of 205085?
8
What is the units digit of 22182643?
3
What is the ten thousands digit of 7614770?
1
What is the hundred thousands digit of 1768500?
7
What is the thousands digit of 113374?
3
What is the hundreds digit of 12958661?
6
What is the hundreds digit of 2613587?
5
What is the hundred thousands digit of 181598?
1
What is the units digit of 79177?
7
What is the millions digit of 4069637?
4
What is the ten thousands digit of 20338055?
3
What is the hundred thousands digit of 1593941?
5
What is the ten thousands digit of 1309167?
0
What is the hundreds digit of 767739?
7
What is the ten thousands digit of 28627551?
2
What is the hundreds digit of 132572?
5
What is the units digit of 590848?
8
What is the ten thousands digit of 1011775?
1
What is the thousands digit of 4110535?
0
What is the units digit of 11649920?
0
What is the units digit of 412981?
1
What is the ten millions digit of 22286144?
2
What is the tens digit of 222826?
2
What is the thousands digit of 210855?
0
What is the ten thousands digit of 3142028?
4
What is the thousands digit of 278646?
8
What is the thousands digit of 91307?
1
What is the ten thousands digit of 297723?
9
What is the ten thousands digit of 2786707?
8
What is the ten millions digit of 11218006?
1
What is the units digit of 5554635?
5
What is the hundred thousands digit of 108799?
1
What is the ten thousands digit of 321764?
2
What is the hundred thousands digit of 1557294?
5
What is the hundreds digit of 7714769?
7
What is the hundreds digit of 7969702?
7
What is the tens digit of 95691?
9
What is the ten thousands digit of 178562?
7
What is the thousands digit of 22290069?
0
What is the ten thousands digit of 1838335?
3
What is the hundred thousands digit of 219616?
2
What is the units digit of 427564?
4
What is the ten thousands digit of 1729576?
2
What is the hundreds digit of 178219?
2
What is the units digit of 90513?
3
What is the millions digit of 4079925?
4
What is the ten thousands digit of 7346302?
4
What is the hundreds digit of 3314483?
4
What is the millions digit of 15157813?
5
What is the hundreds digit of 3718651?
6
What is the hundred thousands digit of 26964446?
9
What is the thousands digit of 85687?
5
What is the tens digit of 5836022?
2
What is the ten thousands digit of 193279?
9
What is the hundred thousands digit of 11001399?
0
What is the tens digit of 398602?
0
What is the hundred thousands digit of 10473531?
4
What is the hundred thousands digit of 185733?
1
What is the tens digit of 2650742?
4
What is the millions digit of 1793085?
1
What is the thousands digit of 3862965?
2
What is the hundreds digit of 165559?
5
What is the tens digit of 313556?
5
What is the hundred thousands digit of 250660?
2
What is the hundreds digit of 849008?
0
What is the tens digit of 2078195?
9
What is the hundred thousands digit of 1140901?
1
What is the hundreds digit of 17387582?
5
What is the hundred thousands digit of 279722?
2
What is the millions digit of 7120381?
7
What is the ten thousands digit of 6707179?
0
What is the thousands digit of 1692194?
2
What is the ten thousands digit of 309121?
0
What is the hundreds digit of 172689?
6
What is the hundreds digit of 171151?
1
What is the thousands digit of 1413955?
3
What is the hundreds digit of 182918?
9
What is the units digit of 244823?
3
What is the hundreds digit of 116482?
4
What is the hundreds digit of 111895?
8
What is the ten millions digit of 33277629?
3
What is the hundreds digit of 1503554?
5
What is the tens digit of 1537601?
0
What is the hundred thousands digit of 4750996?
7
What is the units digit of 230167?
7
What is the ten thousands digit of 78589?
7
What is the thousands digit of 902692?
2
What is the hundred thousands digit of 3517984?
5
What is the thousands digit of 434402?
4
What is the hundred thousands digit of 115930?
1
What is the hundred thousands digit of 8848432?
8
What is the units digit of 1978260?
0
What is the hundred thousands digit of 17927306?
9
What is the ten thousands digit of 709389?
0
What is the tens digit of 394381?
8
What is the hundred thousands digit of 36139072?
1
What is the hundred thousands digit of 13246729?
2
What is the millions digit of 1439833?
1
What is the hundred thousands digit of 3056055?
0
What is the hundred thousands digit of 3858159?
8
What is the ten thousands digit of 525400?
2
What is the millions digit of 4218449?
4
What is the hundred thousands digit of 4799596?
7
What is the hundred thousands digit of 862652?
8
What is the units digit of 660046?
6
What is the hundred thousands digit of 8793860?
7
What is the ten thousands digit of 481256?
8
What is the hundreds digit of 3366832?
8
What is the tens digit of 1948426?
2
What is the tens digit of 267627?
2
What is the ten millions digit of 20586526?
2
What is the tens digit of 987800?
0
What is the hundred thousands digit of 400246?
4
What is the thousands digit of 12692768?
2
What is the hundred thousands digit of 508058?
5
What is the hundreds digit of 109119?
1
What is the hundreds digit of 1652480?
4
What is the hundred thousands digit of 5216359?
2
What is the thousands digit of 1331241?
1
What is the units digit of 6700706?
6
What is the hundreds digit of 414077?
0
What is the hundreds digit of 12139623?
6
What is the units digit of 1299779?
9
What is the thousands digit of 2448741